actors of y?
2, 3, 11
Let c(i) = -i**3 - 24*i**2 - 13*i - 586. List the prime factors of c(-32).
2, 3, 7, 191
Let c = 8345 + 24761. List the prime factors of c.
2, 16553
Suppose 4*s = 63 - 11. Suppose -114 = -s*h + 12*h. Suppose -h = 3*i - 4*i. What are the prime factors of i?
2, 3, 19
Suppose -2*j - 4588 = -4*j. Let k = -1382 + j. List the prime factors of k.
2, 3, 19
Suppose -5*y = 5*o + 8898 + 3602, 0 = -2*o - y - 5000. What are the prime factors of (16/(-12) - -2) + o/(-12)?
11, 19
Suppose -k - 304 = -5*k. Let d = k + -140. Let z = d - -90. What are the prime factors of z?
2, 13
Suppose 246 = -2*k + v + 8587, 5*v = 8*k - 33371. List the prime factors of k.
3, 463
Let c be -245 - -6 - (-3 + 4 - -2). List the prime factors of (-2)/11 + (-92004)/c.
2, 5, 19
Let b = -337 + 255. Let y = 195 - b. List the prime factors of y.
277
Suppose -15532 = -4*k + 4*o, -5*k - 3*o + o = -19394. Suppose -15*j + 15910 - k = 0. List the prime factors of j.
2, 401
Let q = -8 - -8. Let a(c) = -9*c + 89. Let n(t) = 5*t - 59. Let y(i) = -5*a(i) - 8*n(i). List the prime factors of y(q).
3
Suppose 2*l = -5*g + 8320, 3*l - 2347 - 992 = -2*g. What are the prime factors of g?
2, 3, 277
List the prime factors of (-18)/(-8) + (-55900075)/(-1540).
31, 1171
Suppose -104*g + 2252208 = -20*g. List the prime factors of g.
2, 6703
Suppose -w - 2*g = -88, -w + 302 = 3*w - 2*g. What are the prime factors of w?
2, 3, 13
Let h(c) = 366*c + 18. Let b be h(33). Suppose b = 2*u + 5*u. List the prime factors of u.
2, 3
Suppose -12*o = -1494 - 4494. Let x = o + -117. List the prime factors of x.
2, 191
Let m(i) = i - 1. Suppose 3*k = -q - 7, 2*k = 5*q + 4*k - 17. Let l be m(q). Suppose -8*d = 3*n - l*d - 374, 2*d - 4 = 0. What are the prime factors of n?
2, 61
Let r = 4045 - 824. Let b = r - 2002. What are the prime factors of b?
23, 53
Let y(x) be the third derivative of x**6/60 - 7*x**5/30 + x**4/4 - 7*x**3/6 - x**2 + 8. List the prime factors of y(7).
5, 7
Suppose 49671 = 2*y - 3*z, 2*y + 3*z - 10327 = 39386. What are the prime factors of y?
2, 3, 41, 101
List the prime factors of 3 - -6597 - 8/(-8 - -10).
2, 17, 97
Let p(i) be the second derivative of -3*i**3/2 - 3*i**2/2 - 3*i. Let f be p(-1). Suppose -5*n - 180 = -3*w, 2*w + 240 = f*w - 4*n. List the prime factors of w.
2, 3, 5
Let u = 39859 + -11866. List the prime factors of u.
3, 7, 31, 43
Suppose -5*s = 10, -5 = -d + 2*s - s. Let k(z) = 4*z**2 + 29*z**2 + 1 + d + 5*z. List the prime factors of k(-2).
2, 3, 7
Suppose 0 = -5*i + o + 972, -5*o = -6*i + 3*i + 570. Let w = i - -9. Suppose -2*q + w = -178. List the prime factors of q.
191
Suppose -168161 = -21*n + 100996. List the prime factors of n.
7, 1831
Let l(c) = -34*c**3 + 4*c**2 - 55*c - 348. List the prime factors of l(-11).
5, 9199
Suppose -14041 = -2*v + 44050 + 18595. What are the prime factors of v?
3, 12781
Suppose -2*j + 78912 = 3*x, -11*j = -13*j + 2*x + 78952. List the prime factors of j.
2, 3, 11, 13, 23
Let x(j) = 512*j**2 + 124*j + 2. List the prime factors of x(5).
2, 3, 2237
Let j be 67/(-2) - 3/2. List the prime factors of (j + 37)/(2 + 0)*1453.
1453
Let r be (4/(-6))/((-3448)/432 + 8). Let z = 269 - r. What are the prime factors of z?
5, 61
Let q(h) be the first derivative of h**4/2 - h**3/3 - 2*h**2 + 3*h + 3. Let t be q(4). Suppose -x - 4*y = -t, 6*x = x + 2*y + 385. List the prime factors of x.
79
Suppose 69*i - 2322917 - 379399 = 0. List the prime factors of i.
2, 9791
Suppose l - 14 = 3*v - 3, 3*v = 0. Suppose -2*g - 4609 = -5*j, -g - 4607 = 6*j - l*j. What are the prime factors of j?
3, 307
Suppose 78 = -4*j - 66. Let k = -29 - j. Suppose -77 + 434 = k*o. List the prime factors of o.
3, 17
Suppose -5*h - 1019 = -4*y + 2041, -h - 2*y - 626 = 0. Let k = h + 2159. What are the prime factors of k?
1543
Let a(m) = -3*m**3 - 14*m**2 + 3*m. Let v be a(-5). Suppose v*g = 1576 + 194. List the prime factors of g.
3, 59
Let m(z) = 3*z + 6. Let l(v) = -4*v - 5. Let f(k) = -5*l(k) - 6*m(k). Let o be f(12). Suppose o - 43 = -x. List the prime factors of x.
2, 3, 5
Suppose 0 = 2*v + b + 2*b + 36, v = -b - 16. Let o = 12 - v. What are the prime factors of (16/o)/((-2)/(-312)*2)?
2, 13
Suppose 173060 = 13*u - 66270. What are the prime factors of u?
2, 5, 7, 263
Let q be 973/35 - 3/(3*-5). Let f = q - 31. List the prime factors of (-42)/30*(f - 2).
7
Let g(z) = 2*z**3 + z**2 + 2*z + 1. Let a be g(2). Let y = -227 - -256. Let j = y - a. List the prime factors of j.
2
Suppose 4*d - 179 = -167. Let g be 247 + 1 - 8/4. Suppose -d*s = 4*j - 456, -j - j + g = -3*s. List the prime factors of j.
3, 13
Let h(w) = w + 2. Let u be h(-4). Let d be 26/10 + u/(-5). Suppose a + d*a = 304. List the prime factors of a.
2, 19
Suppose 0 = -7*j + 7710 + 31098. Suppose -5*s = -19*s + j. List the prime factors of s.
2, 3, 11
Let q = -43 + 13. Let b be (50/15 - 3)/(2/q). What are the prime factors of 112 + (b - (-2)/1)?
109
Let t(h) = 10624*h**2 - 311*h - 619. What are the prime factors of t(-2)?
42499
Suppose 22 = 6*a + 82. List the prime factors of (-70)/a - (-2 + -533).
2, 271
Suppose -4*f - 268 - 244 = -4*w, -2*w = 4*f - 250. Suppose w*k - 128*k = -649. List the prime factors of k.
11, 59
Let b(a) = 2*a - 7. Let g(u) = u + 1. Let q(z) = -3*b(z) + 3*g(z). Let w be q(7). Suppose 2 = 2*r, o = -w*o + 2*r + 510. What are the prime factors of o?
2
Suppose s - 21 = -24. Let k(y) = -4*y**2 - 12*y + 7. Let b(v) = -5*v**2 - 11*v + 7. Let m(f) = s*b(f) + 4*k(f). List the prime factors of m(-11).
3, 17
What are the prime factors of (-7)/3 + (-3742277)/(-393)?
2, 5, 7, 17
Suppose -4107 = -2*u + 57*g - 60*g, -5*u + 3*g = -10236. What are the prime factors of u?
3, 683
Suppose 0 = -2*r - 17*r + 380. Let m be (4/(-2) - -2) + 224. Suppose -r*t - m = -22*t. What are the prime factors of t?
2, 7
Suppose 193 + 15 = 4*j. Suppose c = 4*c - 12. Suppose c*w = j + 328. List the prime factors of w.
5, 19
Suppose 5*o - 15350 = -h, -3*h - 2*h - o = -76630. What are the prime factors of h?
5, 613
Let g = 5 + -5. Suppose g = -25*o + 28*o - 1245. What are the prime factors of o?
5, 83
What are the prime factors of (60/(-28))/((-36)/9660)?
5, 23
Suppose -5*r + 32112 - 2954 = -14642. What are the prime factors of r?
2, 3, 5, 73
Let z(x) = -256*x - 129. What are the prime factors of z(-2)?
383
What are the prime factors of (5 - 161/4)/((-3)/140)?
5, 7, 47
Let r = -17 - -22. Suppose r*f = 2*m - 284, -2*f + 5*m = -4*f - 102. List the prime factors of (-4)/(-8 - -4) - f.
3, 19
Let n = 139387 - 95944. What are the prime factors of n?
3, 1609
Let i be -3*8/((-240)/(-110)). Let x be ((-258)/(-12))/((-1)/8). Let d = i - x. What are the prime factors of d?
7, 23
Let b(f) = f**2 - 284*f + 76. What are the prime factors of b(-69)?
53, 461
Let n(h) = h**2 + 12*h + 11. Let m be n(-10). Let z = 8 + m. What are the prime factors of (85/34)/(z/(-18))?
3, 5
Let r(b) = 5*b**2. Let q be r(-1). Suppose 0 = 3*j + q*g + 248 - 32, -j + 2*g - 61 = 0. Let k = j + 111. List the prime factors of k.
2, 11
Let s(u) = -9*u**2 + 17*u**2 + 57 + 9*u**2 + 4*u. List the prime factors of s(-5).
2, 3, 7, 11
Suppose -4*w - 30 = 10. Let p be 2/w - (-2)/10*-1339. Let u = p + 380. List the prime factors of u.
2, 7
Suppose 7*h - 75024 = h - 3*s, s + 49998 = 4*h. List the prime factors of h.
3, 463
Let l(y) = -2090*y + 833. List the prime factors of l(-14).
3, 7, 1433
Let p(f) = -400*f - 150. Let q(y) = 2*y + 1. Let t(v) = p(v) + 60*q(v). List the prime factors of t(-3).
2, 3, 5
Let o(n) = n**3 + 41*n**2 + 50*n + 84. Let h be o(-36). Let d = h - 3103. What are the prime factors of d?
11, 151
Let c = -431 - -297. Let x be ((-3)/6)/1*c + -1. Suppose x = 2*y - 26. What are the prime factors of y?
2, 23
Suppose -4*z - o = 308, 24*z - 22*z - 4*o + 172 = 0. Let b = 227 - 141. Let u = z + b. What are the prime factors of u?
2
Suppose 5*h - 2*n = 4*h - 3, 4*h - n = -26. Let y(p) = 34*p**2 - 16*p - 66. What are the prime factors of y(h)?
2, 107
Suppose -3*y - 2*q = -119 - 1874, -3*y + 2035 = -4*q. What are the prime factors of y?
3, 223
Suppose 35 - 21 = 2*f. Suppose -2*h + f*h + 5*d = 2165, 1271 = 3*h - 4*d. What are the prime factors of h?
3, 11, 13
Let a be (2/6)/(6194/(-1239) + 5). Suppose -3*u + a = -3*w + 1943, -2*u = 3*w - 1510. List the prime factors of w.
2, 